6 and 258?
86
What is the greatest common factor of 3484 and 52?
52
What is the greatest common factor of 20605 and 65?
65
What is the highest common factor of 108 and 4?
4
What is the highest common divisor of 122 and 610?
122
What is the greatest common factor of 3744 and 224?
32
What is the greatest common factor of 161 and 28?
7
What is the highest common factor of 304 and 12?
4
What is the greatest common factor of 595 and 85?
85
Calculate the greatest common factor of 64064 and 104.
104
What is the highest common factor of 60 and 60?
60
Calculate the greatest common factor of 32 and 22.
2
Calculate the highest common factor of 39 and 5564.
13
Calculate the highest common factor of 748 and 22.
22
Calculate the highest common factor of 14 and 70.
14
Calculate the highest common divisor of 768 and 3.
3
What is the greatest common divisor of 171 and 9633?
57
What is the greatest common divisor of 1 and 1283?
1
What is the greatest common factor of 14069 and 33?
11
What is the greatest common factor of 2 and 176?
2
What is the highest common divisor of 3053 and 129?
43
Calculate the highest common factor of 200 and 25.
25
Calculate the highest common divisor of 14 and 378.
14
What is the greatest common factor of 377 and 58?
29
Calculate the greatest common divisor of 456 and 48.
24
Calculate the highest common factor of 5704 and 644.
92
Calculate the highest common factor of 512 and 496.
16
Calculate the highest common factor of 1189 and 58.
29
What is the greatest common factor of 45 and 2160?
45
Calculate the highest common factor of 736 and 192.
32
Calculate the highest common factor of 27 and 12843.
9
Calculate the highest common divisor of 42 and 456.
6
What is the highest common divisor of 52 and 130?
26
Calculate the highest common factor of 11907 and 162.
81
Calculate the highest common factor of 79 and 19.
1
What is the highest common divisor of 248 and 155?
31
What is the greatest common divisor of 20000 and 50?
50
Calculate the greatest common divisor of 23377 and 194.
97
Calculate the greatest common factor of 7 and 1708.
7
What is the highest common factor of 7579 and 53?
53
What is the highest common factor of 539 and 9408?
49
Calculate the highest common divisor of 40 and 260.
20
Calculate the highest common factor of 14001 and 39.
39
What is the highest common factor of 99 and 36?
9
Calculate the highest common factor of 6 and 93.
3
Calculate the highest common factor of 2 and 184.
2
What is the highest common divisor of 140 and 10?
10
Calculate the highest common factor of 2620 and 20.
20
Calculate the highest common divisor of 7238 and 462.
154
What is the greatest common divisor of 8 and 1048?
8
What is the highest common divisor of 4686 and 66?
66
What is the greatest common divisor of 1357 and 23?
23
Calculate the highest common divisor of 138 and 114.
6
Calculate the highest common factor of 88 and 5753.
11
What is the highest common factor of 1074 and 18?
6
Calculate the highest common factor of 154 and 7.
7
Calculate the highest common factor of 90 and 480.
30
Calculate the greatest common divisor of 81 and 54.
27
What is the greatest common factor of 1 and 121?
1
What is the greatest common divisor of 1716 and 2112?
132
What is the greatest common factor of 68 and 11186?
34
What is the greatest common factor of 1615 and 40?
5
What is the highest common factor of 72 and 576?
72
Calculate the greatest common factor of 81 and 54.
27
Calculate the greatest common divisor of 906 and 6.
6
Calculate the greatest common divisor of 1818 and 101.
101
What is the highest common factor of 84 and 4116?
84
What is the greatest common divisor of 7238 and 1232?
154
What is the highest common divisor of 7 and 2016?
7
Calculate the highest common divisor of 15370 and 174.
58
Calculate the highest common divisor of 224 and 1652.
28
Calculate the highest common factor of 10638 and 197.
197
Calculate the greatest common divisor of 4350 and 116.
58
Calculate the greatest common divisor of 14 and 1533.
7
Calculate the highest common factor of 720 and 16.
16
What is the greatest common factor of 25125 and 201?
201
Calculate the greatest common factor of 165 and 99.
33
Calculate the highest common divisor of 1330 and 12502.
266
What is the greatest common factor of 1095 and 30?
15
What is the greatest common divisor of 216 and 592?
8
Calculate the highest common factor of 2414 and 34.
34
Calculate the greatest common divisor of 58 and 9106.
58
Calculate the highest common divisor of 321 and 21507.
321
Calculate the greatest common divisor of 553 and 2449.
79
What is the highest common factor of 148 and 222?
74
What is the greatest common factor of 42 and 1246?
14
Calculate the greatest common factor of 11671 and 11.
11
Calculate the highest common factor of 1250 and 50.
50
What is the greatest common divisor of 40 and 25?
5
What is the greatest common divisor of 84 and 9828?
84
Calculate the highest common factor of 69 and 506.
23
Calculate the highest common divisor of 325 and 275.
25
Calculate the greatest common divisor of 13281 and 114.
57
What is the highest common factor of 9228 and 12?
12
What is the highest common divisor of 976 and 14396?
244
What is the highest common factor of 21 and 301?
7
Calculate the greatest common factor of 1854 and 4.
2
Calculate the greatest common factor of 93 and 496.
31
What is the greatest common divisor of 790 and 20?
10
What is the highest common factor of 39 and 923?
13
What is the greatest common divisor of 1625 and 13?
13
What is the highest common divisor of 104 and 1378?
26
Calculate the highest common factor of 14 and 1134.
14
What is the highest common divisor of 45 and 1245?
15
Calculate the greatest common factor of 90 and 15.
15
What is the highest common factor of 6 and 4?
2
Calculate the greatest common factor of 21 and 42.
21
What is the greatest common factor of 54 and 4?
2
What is the highest common factor of 95 and 1957?
19
Calculate the highest common factor of 150 and 30075.
75
What is the highest common factor of 528 and 836?
44
Calculate the greatest common factor of 8 and 680.
8
Calculate the highest common divisor of 399 and 21.
21
What is the greatest common divisor of 2051 and 21?
7
What is the greatest common divisor of 564 and 36?
12
What is the greatest common divisor of 148 and 222?
74
Calculate the highest common factor of 5 and 8.
1
Calculate the greatest common factor of 21768 and 24.
24
Calculate the highest common divisor of 39 and 13.
13
Calculate the highest common divisor of 506 and 184.
46
Calculate the highest common factor of 63 and 207.
9
Calculate the highest common divisor of 57 and 1083.
57
Calculate the greatest common divisor of 2688 and 480.
96
Calculate the highest common factor of 75 and 6.
3
Calculate the highest common divisor of 23 and 1219.
23
Calculate the highest common divisor of 170 and 190.
10
What is the greatest common divisor of 495 and 9945?
45
Calculate the greatest common divisor of 168 and 462.
42
Calculate the greatest common divisor of 1089 and 279.
9
Calculate the highest common divisor of 53 and 4187.
53
Calculate the highest common divisor of 5451 and 207.
69
What is the greatest common factor of 836 and 19?
19
What is the highest common divisor of 48 and 216?
24
What is the highest common divisor of 2296 and 28?
28
Calculate the greatest common factor of 85 and 272.
17
What is the highest common divisor of 62 and 93?
31
What is the greatest common factor of 748 and 88?
44
Calculate the highest common factor of 969 and 51.
51
What is the highest common factor of 224 and 140?
28
What is the highest common divisor of 68 and 578?
34
Calculate the highest common factor of 1295 and 1665.
185
What is the greatest common divisor of 1719 and 45?
9
What is the highest common factor of 4394 and 26?
26
Calculate the highest common factor of 5372 and 237.
79
What is the highest common factor of 1377 and 969?
51
What is the greatest common factor of 553 and 63?
7
Calculate the greatest common divisor of 204 and 7140.
204
What is the highest common factor of 81458 and 13?
13
Calculate the highest common factor of 75 and 100.
25
Calculate the highest common divisor of 868 and 413.
7
What is the highest common factor of 7 and 25?
1
What is the